{"id":155,"date":"2022-01-25T15:43:47","date_gmt":"2022-01-25T15:43:47","guid":{"rendered":"http:\/\/gaestehaus-neumann.de\/?page_id=155"},"modified":"2022-01-25T15:49:02","modified_gmt":"2022-01-25T15:49:02","slug":"ausstattung","status":"publish","type":"page","link":"https:\/\/gaestehaus-neumann.de\/?page_id=155","title":{"rendered":"Ausstattung"},"content":{"rendered":"\n<h2 class=\"wp-block-heading\"><strong>Ferienwohnung<\/strong><\/h2>\n\n\n\n<p>Die Wohnung verf\u00fcgt \u00fcber 2 separate Schlafzimmer (1 Boxspringbett), Wohn-\/Esszimmer, K\u00fcche, Duschbad und Balkon. Unseren gro\u00dfen Garten mit Sitzecken k\u00f6nnen Sie ebenfalls nutzen. Die Wohnung befindet sich in Osterode im OT Freiheit und kann f\u00fcr Urlaub oder f\u00fcr Langzeitmieter genutzt werden. Ein Einstellplatz, WLAN und ein abschlie\u00dfbarer Raum f\u00fcr Fahrr\u00e4der stehen ebenfalls zur Verf\u00fcgung. <\/p>\n\n\n\n<h3 class=\"wp-block-heading\">Die Unterkunft<\/h3>\n\n\n\n<p>Unsere Ferienwohnung liegt in ruhiger Lage (30er Zone) mit sch\u00f6nem Blick auf den Harz im ersten Stock unseres Hauses. Im gro\u00dfen Garten haben Sie die M\u00f6glichkeit zu grillen oder Sie k\u00f6nnen auf Ihrem eigenen Balkon die Abendsonne genie\u00dfen.<\/p>\n\n\n\n<p>Die beiden vollwertigen Schlafzimmer verf\u00fcgen jeweils \u00fcber ein Doppelbett (davon 1 Boxspringbett) und eine kleine Sitzecke. Alle Fenster verf\u00fcgen \u00fcber Au\u00dfenjalousien. Die K\u00fcche ist komplett ausgestattet und verf\u00fcgt neben einer Kaffeemaschine, Wasserkocher und Senseo-Maschine auch \u00fcber einen Geschirrsp\u00fcler, Backofen, Ceranfeld und Mikrowelle sowie einen K\u00fchlschrank mit separatem Gefrierfach.<br><br>Das gro\u00dfe Wohn-\/Esszimmer ist ausgestattet mit einer gem\u00fctlichen Sitzgarnitur, einem gro\u00dfen Flat-TV mit Sat-Anschluss, Internet und DVD-Player sowie mit einem runden Esstisch und 6 St\u00fchlen. Zugang zum Balkon haben Sie sowohl vom Wohnzimmer als auch aus einem der Schlafzimmer.<br><br>Das Duschbad ist hell und modern eingerichtet. Handt\u00fccher und Bettw\u00e4sche werden ohne Aufpreis von uns gestellt. Kostenloses WLAN steht Ihnen ebenfalls zur Verf\u00fcgung.<\/p>\n\n\n\n<h3 class=\"wp-block-heading\">Zugang f\u00fcr G\u00e4ste<\/h3>\n\n\n\n<p>Neben der Ferienwohnung mit eigenem Balkon k\u00f6nnen Sie auch unser gro\u00dfes Grundst\u00fcck mit zwei Sitzecken und gro\u00dfen Rasenfl\u00e4chen nutzen. Ein Einstellplatz f\u00fcr Ihren PKW sowie ein abschlie\u00dfbarer Raum f\u00fcr Fahrr\u00e4der oder Skier ist vorhanden.<br>Fahrr\u00e4der stehen ebenfalls zur kostenlosen Nutzung f\u00fcr Sie bereit.<\/p>\n","protected":false},"excerpt":{"rendered":"<p>Ferienwohnung Die Wohnung verf\u00fcgt \u00fcber 2 separate Schlafzimmer (1 Boxspringbett), Wohn-\/Esszimmer, K\u00fcche, Duschbad und Balkon. Unseren gro\u00dfen Garten mit Sitzecken k\u00f6nnen Sie ebenfalls nutzen. Die Wohnung befindet sich in Osterode im OT Freiheit und kann f\u00fcr Urlaub oder f\u00fcr Langzeitmieter genutzt werden. Ein Einstellplatz, WLAN und ein abschlie\u00dfbarer Raum f\u00fcr Fahrr\u00e4der stehen ebenfalls zur Verf\u00fcgung. &hellip; <\/p>\n<p class=\"link-more\"><a href=\"https:\/\/gaestehaus-neumann.de\/?page_id=155\" class=\"more-link\"><span class=\"screen-reader-text\">\u201eAusstattung\u201c<\/span> weiterlesen<\/a><\/p>\n","protected":false},"author":1,"featured_media":0,"parent":0,"menu_order":0,"comment_status":"closed","ping_status":"closed","template":"","meta":{"ngg_post_thumbnail":0,"footnotes":""},"class_list":["post-155","page","type-page","status-publish","hentry"],"_links":{"self":[{"href":"https:\/\/gaestehaus-neumann.de\/index.php?rest_route=\/wp\/v2\/pages\/155"}],"collection":[{"href":"https:\/\/gaestehaus-neumann.de\/index.php?rest_route=\/wp\/v2\/pages"}],"about":[{"href":"https:\/\/gaestehaus-neumann.de\/index.php?rest_route=\/wp\/v2\/types\/page"}],"author":[{"embeddable":true,"href":"https:\/\/gaestehaus-neumann.de\/index.php?rest_route=\/wp\/v2\/users\/1"}],"replies":[{"embeddable":true,"href":"https:\/\/gaestehaus-neumann.de\/index.php?rest_route=%2Fwp%2Fv2%2Fcomments&post=155"}],"version-history":[{"count":3,"href":"https:\/\/gaestehaus-neumann.de\/index.php?rest_route=\/wp\/v2\/pages\/155\/revisions"}],"predecessor-version":[{"id":164,"href":"https:\/\/gaestehaus-neumann.de\/index.php?rest_route=\/wp\/v2\/pages\/155\/revisions\/164"}],"wp:attachment":[{"href":"https:\/\/gaestehaus-neumann.de\/index.php?rest_route=%2Fwp%2Fv2%2Fmedia&parent=155"}],"curies":[{"name":"wp","href":"https:\/\/api.w.org\/{rel}","templated":true}]}}