{"id":34,"date":"2022-01-25T12:11:04","date_gmt":"2022-01-25T12:11:04","guid":{"rendered":"http:\/\/gaestehaus-neumann.de\/?page_id=34"},"modified":"2024-07-04T09:44:32","modified_gmt":"2024-07-04T09:44:32","slug":"preise","status":"publish","type":"page","link":"https:\/\/gaestehaus-neumann.de\/?page_id=34","title":{"rendered":"Preise"},"content":{"rendered":"\n<p><strong>Ferienwohnung<\/strong><\/p>\n\n\n\n<p>Bei Belegung der Wohnung mit bis zu 2 Personen:<\/p>\n\n\n\n<p>Die Mindestbelegungsdauer betr\u00e4gt 3 N\u00e4chte. Preise f\u00fcr Langzeitbuchungen k\u00f6nnen auf Anfrage vereinbart werden.<\/p>\n\n\n\n<figure class=\"wp-block-table\"><table><tbody><tr><td>Ab 3 \u00dcbernachtungen:<\/td><td>49.- \u20ac \/ Nacht<\/td><\/tr><tr><td>Ab 7 \u00dcbernachtungen:<\/td><td>44.- \u20ac \/ Nacht<\/td><\/tr><\/tbody><\/table><\/figure>\n\n\n\n<p>Jede weitere Person zahlt zus\u00e4tzlich 12.- \u20ac \/ Nacht.<\/p>\n\n\n\n<p>Alle Preise verstehen sich inklusive Bettw\u00e4sche, Handt\u00fccher, Heizung, Strom und Endreinigung. <\/p>\n\n\n\n<p><\/p>\n\n\n\n<p><strong>G\u00e4stezimmer<\/strong><\/p>\n\n\n\n<p>Die Mindestbelegungsdauer betr\u00e4gt 3 N\u00e4chte. Preise f\u00fcr Langzeitbuchungen k\u00f6nnen auf Anfrage vereinbart werden.<\/p>\n\n\n\n<figure class=\"wp-block-table\"><table><tbody><tr><td>Ab 3 \u00dcbernachtungen im DZ:<\/td><td>23.- \u20ac pro Person und Nacht<\/td><\/tr><tr><td>Ab 7 \u00dcbernachtungen im DZ:<\/td><td>21.- \u20ac pro Person und Nacht<\/td><\/tr><tr><td>F\u00fcr ein Einzelzimmer immer<\/td><td>32.- \u20ac pro Nacht<\/td><\/tr><\/tbody><\/table><\/figure>\n\n\n\n<p>Wir bitten um Verst\u00e4ndnis, dass wir keine Haustiere aufnehmen.<\/p>\n","protected":false},"excerpt":{"rendered":"<p>Ferienwohnung Bei Belegung der Wohnung mit bis zu 2 Personen: Die Mindestbelegungsdauer betr\u00e4gt 3 N\u00e4chte. Preise f\u00fcr Langzeitbuchungen k\u00f6nnen auf Anfrage vereinbart werden. Ab 3 \u00dcbernachtungen: 49.- \u20ac \/ Nacht Ab 7 \u00dcbernachtungen: 44.- \u20ac \/ Nacht Jede weitere Person zahlt zus\u00e4tzlich 12.- \u20ac \/ Nacht. Alle Preise verstehen sich inklusive Bettw\u00e4sche, Handt\u00fccher, Heizung, Strom &hellip; <\/p>\n<p class=\"link-more\"><a href=\"https:\/\/gaestehaus-neumann.de\/?page_id=34\" class=\"more-link\"><span class=\"screen-reader-text\">\u201ePreise\u201c<\/span> weiterlesen<\/a><\/p>\n","protected":false},"author":1,"featured_media":0,"parent":0,"menu_order":0,"comment_status":"closed","ping_status":"closed","template":"","meta":{"ngg_post_thumbnail":0,"footnotes":""},"class_list":["post-34","page","type-page","status-publish","hentry"],"_links":{"self":[{"href":"https:\/\/gaestehaus-neumann.de\/index.php?rest_route=\/wp\/v2\/pages\/34"}],"collection":[{"href":"https:\/\/gaestehaus-neumann.de\/index.php?rest_route=\/wp\/v2\/pages"}],"about":[{"href":"https:\/\/gaestehaus-neumann.de\/index.php?rest_route=\/wp\/v2\/types\/page"}],"author":[{"embeddable":true,"href":"https:\/\/gaestehaus-neumann.de\/index.php?rest_route=\/wp\/v2\/users\/1"}],"replies":[{"embeddable":true,"href":"https:\/\/gaestehaus-neumann.de\/index.php?rest_route=%2Fwp%2Fv2%2Fcomments&post=34"}],"version-history":[{"count":9,"href":"https:\/\/gaestehaus-neumann.de\/index.php?rest_route=\/wp\/v2\/pages\/34\/revisions"}],"predecessor-version":[{"id":221,"href":"https:\/\/gaestehaus-neumann.de\/index.php?rest_route=\/wp\/v2\/pages\/34\/revisions\/221"}],"wp:attachment":[{"href":"https:\/\/gaestehaus-neumann.de\/index.php?rest_route=%2Fwp%2Fv2%2Fmedia&parent=34"}],"curies":[{"name":"wp","href":"https:\/\/api.w.org\/{rel}","templated":true}]}}